902.
2, 3, 7, 277
List the prime factors of 128427.
3, 13, 37, 89
List the prime factors of 150555.
3, 5, 10037
List the prime factors of 1055.
5, 211
What are the prime factors of 136852?
2, 34213
What are the prime factors of 783?
3, 29
List the prime factors of 1995.
3, 5, 7, 19
What are the prime factors of 11450?
2, 5, 229
List the prime factors of 6572.
2, 31, 53
List the prime factors of 1740.
2, 3, 5, 29
What are the prime factors of 8646?
2, 3, 11, 131
What are the prime factors of 6984?
2, 3, 97
What are the prime factors of 19345?
5, 53, 73
List the prime factors of 917.
7, 131
What are the prime factors of 2356?
2, 19, 31
What are the prime factors of 47784?
2, 3, 11, 181
List the prime factors of 6837.
3, 43, 53
What are the prime factors of 83990?
2, 5, 37, 227
What are the prime factors of 477?
3, 53
List the prime factors of 15031.
15031
What are the prime factors of 8816?
2, 19, 29
List the prime factors of 15629.
15629
List the prime factors of 10347.
3, 3449
List the prime factors of 1274.
2, 7, 13
What are the prime factors of 1169?
7, 167
What are the prime factors of 20070?
2, 3, 5, 223
What are the prime factors of 11247?
3, 23, 163
List the prime factors of 15132.
2, 3, 13, 97
What are the prime factors of 37807?
7, 11, 491
List the prime factors of 1239.
3, 7, 59
What are the prime factors of 93940?
2, 5, 7, 11, 61
What are the prime factors of 41013?
3, 7, 31
List the prime factors of 13351.
13, 79
List the prime factors of 5944.
2, 743
What are the prime factors of 742?
2, 7, 53
List the prime factors of 685.
5, 137
What are the prime factors of 1380?
2, 3, 5, 23
What are the prime factors of 87540?
2, 3, 5, 1459
List the prime factors of 21218.
2, 103
What are the prime factors of 4770?
2, 3, 5, 53
What are the prime factors of 8759?
19, 461
List the prime factors of 3233.
53, 61
List the prime factors of 541.
541
What are the prime factors of 130761?
3, 29, 167
What are the prime factors of 3623?
3623
List the prime factors of 2263.
31, 73
List the prime factors of 6161.
61, 101
What are the prime factors of 1914?
2, 3, 11, 29
What are the prime factors of 12545?
5, 13, 193
List the prime factors of 21384.
2, 3, 11
What are the prime factors of 120931?
31, 47, 83
List the prime factors of 56418.
2, 3, 9403
What are the prime factors of 7?
7
What are the prime factors of 243?
3
List the prime factors of 1719.
3, 191
What are the prime factors of 1444?
2, 19
List the prime factors of 107390.
2, 5, 10739
What are the prime factors of 2101?
11, 191
What are the prime factors of 1946?
2, 7, 139
What are the prime factors of 3230?
2, 5, 17, 19
List the prime factors of 12139.
61, 199
What are the prime factors of 920?
2, 5, 23
List the prime factors of 1959.
3, 653
List the prime factors of 3005.
5, 601
List the prime factors of 75424.
2, 2357
What are the prime factors of 1951?
1951
List the prime factors of 25715.
5, 37, 139
List the prime factors of 5178.
2, 3, 863
What are the prime factors of 771?
3, 257
List the prime factors of 3887.
13, 23
What are the prime factors of 11922?
2, 3, 1987
What are the prime factors of 54483?
3, 11, 13, 127
List the prime factors of 3308.
2, 827
List the prime factors of 212.
2, 53
What are the prime factors of 17297?
7, 353
What are the prime factors of 58468?
2, 47, 311
List the prime factors of 6006.
2, 3, 7, 11, 13
What are the prime factors of 3346?
2, 7, 239
List the prime factors of 96.
2, 3
What are the prime factors of 46512?
2, 3, 17, 19
What are the prime factors of 5073?
3, 19, 89
What are the prime factors of 1988?
2, 7, 71
What are the prime factors of 53500?
2, 5, 107
List the prime factors of 2073.
3, 691
List the prime factors of 151.
151
What are the prime factors of 1287?
3, 11, 13
List the prime factors of 9824.
2, 307
What are the prime factors of 7226?
2, 3613
What are the prime factors of 3146?
2, 11, 13
What are the prime factors of 2731?
2731
What are the prime factors of 3251?
3251
What are the prime factors of 4590?
2, 3, 5, 17
List the prime factors of 4147.
11, 13, 29
List the prime factors of 657.
3, 73
List the prime factors of 2702.
2, 7, 193
List the prime factors of 888.
2, 3, 37
List the prime factors of 8147.
8147
What are the prime factors of 4204?
2, 1051
List the prime factors of 6683.
41, 163
List the prime factors of 372.
2, 3, 31
List the prime factors of 5098.
2, 2549
What are the prime factors of 18286?
2, 41, 223
List the prime factors of 14799.
3, 4933
What are the prime factors of 68257?
7, 199
List the prime factors of 49640.
2, 5, 17, 73
List the prime factors of 375.
3, 5
What are the prime factors of 10595?
5, 13, 163
List the prime factors of 846.
2, 3, 47
What are the prime factors of 1765?
5, 353
List the prime factors of 81942.
2, 3, 7, 1951
What are the prime factors of 100052?
2, 25013
List the prime factors of 1924.
2, 13, 37
What are the prime factors of 14240?
2, 5, 89
What are the prime factors of 3444?
2, 3, 7, 41
List the prime factors of 3770.
2, 5, 13, 29
List the prime factors of 14201.
11, 1291
List the prime factors of 2942.
2, 1471
List the prime factors of 80130.
2, 3, 5, 2671
What are the prime factors of 17975?
5, 719
What are the prime factors of 79070?
2, 5, 7907
List the prime factors of 17360.
2, 5, 7, 31
List the prime factors of 136417.
136417
List the prime factors of 77859.
3, 41, 211
List the prime factors of 933.
3, 311
What are the prime factors of 4558?
2, 43, 53
What are the prime factors of 1967?
7, 281
List the prime factors of 352.
2, 11
List the prime factors of 3840.
2, 3, 5
List the prime factors of 4580.
2, 5, 229
What are the prime factors of 5244?
2, 3, 19, 23
What are the prime factors of 2768?
2, 173
What are the prime factors of 311?
311
What are the prime factors of 19699?
19699
What are the prime factors of 640?
2, 5
What are the prime factors of 756?
2, 3, 7
What are the prime factors of 4120?
2, 5, 103
List the prime factors of 48078.
2, 3, 2671
List the prime factors of 7765.
5, 1553
What are the prime factors of 9732?
2, 3, 811
List the prime factors of 9180.
2, 3, 5, 17
List the prime factors of 25206.
2, 3, 4201
What are the prime factors of 1285?
5, 257
What are the prime factors of 3089?
3089
What are the prime factors of 1328?
2, 83
List the prime factors of 51410.
2, 5, 53, 97
What are the prime factors of 2780?
2, 5, 139
What are the prime factors of 5112?
2, 3, 71
List the prime factors of 2665.
5, 13, 41
What are the prime factors of 53215?
5, 29, 367
List the prime factors of 3929.
3929
List the prime factors of 122862.
2, 3, 20477
What are the prime factors of 12562?
2, 11, 571
What are the prime factors of 2220?
2, 3, 5, 37
List the prime factors of 399.
3, 7, 19
List the prime factors of 5664.
2, 3, 59
List the prime factors of 827.
827
List the prime factors of 997.
997
List the prime factors of 841.
29
List the prime factors of 96654.
2, 3, 89, 181
What are the prime factors of 9504?
2, 3, 11
What are the prime factors of 131195?
5, 19, 1381
What are the prime factors of 7986?
2, 3, 11
List the prime factors of 1178.
2, 19, 31
What are the prime factors of 8719?
8719
List the prime factors of 8820.
2, 3, 5, 7
What are the prime factors of 18872?
2, 7, 337
What are the prime factors of 4495?
5, 29, 31
What are the prime factors of 1903?
11, 173
What are the prime factors of 107?
107
What are the prime factors of 1139?
17, 67
List the prime factors of 180570.
2, 3, 5, 13, 463
What are the prime factors of 3543?
3, 1181
List the prime factors of 1961.
37, 53
What are the prime factors of 3919?
3919
What are the prime factors of 531?
3, 59
List the prime factors of 56327.
23, 31, 79
List the prime factors of 7960.
2, 5, 199
List the prime factors of 1196.
2, 13, 23
What are the prime factors of 33174?
2, 3, 19, 97
What are the prime factors of 52655?
5, 10531
What are the prime factors of 127364?
2, 17, 1873
What are the prime factors of 3896?
2, 487
List the prime factors of 4894.
2, 2447
List the prime factors of 6863.
6863
List the prime factors of 1600.
2, 5
List the prime factors of 806.
2, 13, 31
What are the prime factors of 130615?
5, 151, 173
List the prime factors of 7324.
2, 1831
What are the prime factors of 50921?
13, 3917
What are the prime factors of 